. Suppose -2*u - 3*a + 45 = 0, x = 2*u + 2*a + 14 - 54. What are the prime factors of u?
3, 5
Suppose -4*a - 8 = -3*y - 6*a, 3*a - 15 = -5*y. Suppose 0 = -y*v + 2*v. Suppose v = -c - 1 + 12. What are the prime factors of c?
11
Let z(r) = -r - 7. Let c(h) = -h**2 - 2*h - 5. Let s be c(-4). What are the prime factors of z(s)?
2, 3
What are the prime factors of ((-97)/(-2))/(7/14)?
97
Let y(k) = 3*k**2 + k + 21. What are the prime factors of y(8)?
13, 17
Suppose 3*p = -0*p + 18. Suppose 0 = d - 0 - p. What are the prime factors of d?
2, 3
Suppose 2 = 2*o - 118. What are the prime factors of o?
2, 3, 5
Suppose 0 = -y + 3 + 1. Suppose -3*b + 37 = -n, 26 = -y*b + n + 74. What are the prime factors of b?
11
Suppose 0 = -4*w - 25 + 213. What are the prime factors of w?
47
Let y(a) = -48*a. List the prime factors of y(-5).
2, 3, 5
Suppose -3*y + 46 - 16 = 0. List the prime factors of (-16)/(-40) - (-426)/y.
43
Suppose 0 = -4*d + 4*y + 56, -3*y = -2*d - 8*y + 63. What are the prime factors of d?
19
Let v(z) = -27*z - 32. List the prime factors of v(-16).
2, 5
Suppose 3*d + 5*f - 38 = 0, 2 = -d + f + 4. Let b be (-4)/(-12) + 106/d. What are the prime factors of (-4)/b + (-384)/(-27)?
2, 7
Suppose 0 = 2*n - 14 - 32. List the prime factors of n.
23
Let s(r) = -5*r**3 - 1. Let b be s(-1). Suppose b*d - 73 = 3. What are the prime factors of d?
19
Let z(u) = 3*u**2 + 8*u - 15. What are the prime factors of z(-9)?
2, 3, 13
Let b = 31 + -10. What are the prime factors of b?
3, 7
Suppose -3*g - 4*z = -3*z - 84, 2*z = 4*g - 102. What are the prime factors of g?
3
What are the prime factors of (80 + 2 - -2)*(3 + -2)?
2, 3, 7
Let u(g) = 15*g**2 + 3*g + 4. Let x be u(-3). Suppose 0*t = 5*t - x. List the prime factors of t.
2, 13
Suppose 5*r = r - 312. Let q = -27 - r. What are the prime factors of q?
3, 17
Let a = 13 + -8. Suppose 5*t + 5 + a = q, q - 10 = t. List the prime factors of q.
2, 5
Let z = 134 - 111. What are the prime factors of z?
23
Let i = 5 + -11. List the prime factors of 2/i - (-76)/3.
5
Suppose -3*p - 23 = -101. What are the prime factors of p?
2, 13
Let q(h) = h - 7. Let u(j) = -j + 8. Let d(r) = 6*q(r) + 5*u(r). Let i be d(3). What are the prime factors of (0 + -1 + 12)/i?
11
Let i = 0 - 0. Suppose -3*c + 3*z - 12 = i, -3*c + 0 - 4 = 5*z. What are the prime factors of 0/c - -4 - -2?
2, 3
Suppose 3 = 2*j - 15. Let d = 0 + 0. Let a = j - d. List the prime factors of a.
3
Suppose -5 = i - 46. What are the prime factors of i?
41
Suppose -2709 = -64*c + 55*c. List the prime factors of c.
7, 43
Let h = 82 - 44. What are the prime factors of h?
2, 19
Let z(m) be the second derivative of m**5/60 - m**4/8 + m**2/2 - 2*m. Let o(k) be the first derivative of z(k). What are the prime factors of o(4)?
2
Suppose 0 = 5*d - 25, 4*d - 20 = a + 2*a. Suppose -2*r - 6*c + c + 15 = a, -5*c + 30 = 3*r. List the prime factors of r.
3, 5
List the prime factors of (13/4)/(3/24).
2, 13
Suppose 2*w = -0 - 6. Let x(f) be the first derivative of f**4/4 + 5*f**3/3 + f**2/2 + f - 7. List the prime factors of x(w).
2
Let a be 3*((-2)/(-3) + 0). What are the prime factors of a*((-39)/(-6) + 0)?
13
Suppose 4*s = -i + 2*i - 283, -2*i + 5*s = -557. What are the prime factors of i?
271
Let r be 1 - (3 + 2 - 1). Let u = -1 - r. Suppose -5*w + 17 = u. List the prime factors of w.
3
Let q(m) = -3*m**2 - 5*m + 7. Let s = -18 - -13. Let c(z) = z**2 + 3*z - 4. Let y(h) = s*c(h) - 3*q(h). List the prime factors of y(1).
3
Suppose -5*k + 93 = 23. What are the prime factors of k?
2, 7
Let a = 6 - 1. Suppose 1 - 21 = -a*l. Suppose t + 4*v + 0*v + 9 = 0, 4*t + l*v = 12. List the prime factors of t.
7
Let w = 2 + -7. Let p(d) = d + 2. Let s be p(w). Let c = 10 + s. What are the prime factors of c?
7
Let y be (2 - 0) + 1 + 0. Let v = y + 4. What are the prime factors of v?
7
Let d = 6 - -3. Let w be 0 - (2 - (-9)/3). What are the prime factors of (6/w)/(d/(-120))?
2
Let z(p) = -p**3 + p**2 + p + 1. Let w be z(-1). Suppose -w*y + 0*y = -60. What are the prime factors of y?
2, 3, 5
List the prime factors of (-21 - 1)/((-8)/28).
7, 11
Let v be 1/(2 - (-6)/(-4)). Suppose -4*a = -3*q - a + 15, a = -v*q + 19. What are the prime factors of q?
2
Let a = 3 + -3. Let w be 0 + (-3)/(-3) + 5. Let s = a + w. What are the prime factors of s?
2, 3
Suppose -4*a + 3*p - 4 = 0, 3*p + 1 = -a + 7*p. Let w be a/(-4) - 39/(-4). Suppose 4*u - 2 = w. List the prime factors of u.
3
Let s(i) = -i**3 - 4*i**2 + i - 3. Let j be (10/2)/(1/(-1)). List the prime factors of s(j).
17
Let v be (3/6)/(3/12). Let l(d) = 2 + v*d + d**2 - d - 4*d - 2*d. What are the prime factors of l(5)?
2
Suppose 11 = 4*i - 5, -3*i = -d - 5. Let k(r) = r + d*r + r. What are the prime factors of k(1)?
3
Suppose -j = 3*z - 17, -5*z + 4*j = -j - 15. Let o(m) = 2 + 2 + 7*m**2 - 151*m**3 - 8*m + 150*m**3 + 0. What are the prime factors of o(z)?
2, 7
Let v(m) = 2*m**2 - 1. Let f be v(-1). Let q be -1 - (f + -1) - -2. Suppose 8 = s - q. List the prime factors of s.
3
Let h = -62 + 115. What are the prime factors of h?
53
Suppose 0 = 3*y - 37 - 5. Suppose k = y + 9. What are the prime factors of k?
23
Let x(p) = p**2 - p + 4. What are the prime factors of x(-6)?
2, 23
Suppose -5*l - 3*d + 69 = 0, 0 = -4*l + 8*l + 2*d - 54. Let r = 1 + l. List the prime factors of r.
13
Let y(o) = o**3 + o**2 + o + 1. Let q(f) = 5*f**3 + 6*f**2 + 3*f + 3. Let l(i) = q(i) - 4*y(i). List the prime factors of l(2).
13
List the prime factors of 8/(-6)*168/(49/(-7)).
2
Let o be 14/3 + (-4)/(-12). Suppose o*x + 2*b = 159, -3*x - 5*b + 103 = -0*b. What are the prime factors of x?
31
Let f = 3 + -16. Suppose 117 = 5*b - 4*u, -7 = -5*b - 4*u + 126. Let r = b + f. List the prime factors of r.
2, 3
Suppose 2*t - 2 = 6. Suppose 4*a + t*l + 68 = -0*l, 3*a + 31 = l. List the prime factors of (a/15)/((-4)/70).
2, 7
Suppose -3*r + 216 = -z - 2*z, 0 = 2*z. Suppose 0 = 3*y - u + 11 - 58, r = 4*y + u. List the prime factors of y.
17
Suppose 0*w - 425 = -5*w. Suppose -4*p - 2*o + o = -w, 0 = 2*p + 4*o - 32. What are the prime factors of p?
2, 11
Let j(k) be the third derivative of -k**4/24 - k**3/3 - 4*k**2. Let n(t) = -2*t**2 - 5*t - 3. Let r be n(-3). What are the prime factors of j(r)?
2
Let o = -43 - -63. Let h = o - 11. What are the prime factors of h?
3
Let m(i) = i**2 - 17*i + 22. List the prime factors of m(17).
2, 11
Let f(v) be the first derivative of -v**2/2 + 14*v + 2. Let p(t) = t**2 - 4*t - 3. Let m be p(6). List the prime factors of f(m).
5
Let z = -5 + 7. Suppose 5*p = z*a + 64, -22 = -0*p - p + 5*a. What are the prime factors of p?
2, 3
Let z(d) = -193*d + 193*d + d**2 + 22*d**3. What are the prime factors of z(1)?
23
Let s = 2 - 5. What are the prime factors of 10/s*(-2 + -1)?
2, 5
Suppose 0*k + 108 = 2*k - 2*h, 5*h = 4*k - 221. What are the prime factors of k?
7
Suppose -b - 92 = -0*i - i, -b = 0. List the prime factors of i.
2, 23
Let n be 3 + -6 + 1 + 3. Suppose -2*r = -q - n + 2, r = q - 6. What are the prime factors of q?
11
What are the prime factors of 4/(-14) - (-825)/21?
3, 13
Suppose -5*s + 68 + 22 = 0. Let x be (-1)/(-5) - s/(-10). Suppose -6*f + 3*f - q + 6 = 0, 4*q = -x*f + 4. List the prime factors of f.
2
Let t = 47 + -13. What are the prime factors of t?
2, 17
Let k be (-138)/(-15) + 1/(-5). Let o = k - -1. List the prime factors of o.
2, 5
Let a = 0 - -5. Suppose -4*c = 5*t - 163, 4*c - 6*c - a*t + 89 = 0. What are the prime factors of c?
37
Suppose o - 8 = 2*m - 6*m, 2 = 2*m + o. Suppose 5*y + 5*f = 46 - 1, -m*f = -3*y + 51. What are the prime factors of y?
13
Let a be (-4)/3*(-42)/28. What are the prime factors of a/7 - (-183)/21?
3
Let c(w) = 2*w**3 + 1. Let b be c(1). Let s(x) = -x**3 + 2*x**2 + 3*x + 4. Let f be s(b). Let h = f + 1. List the prime factors of h.
5
Suppose -2*f = 5*p - 89, 4*f + 5*p - 92 - 91 = 0. What are the prime factors of f?
47
Suppose 0 = 4*b - 2*t - 14, 3*b + 3*t + 1 + 2 = 0. What are the prime factors of b?
2
Let s be (-5)/(-2) - (-3)/6. Suppose -84 = -s*t - t. What are the prime factors of t?
3, 7
Let f(w) = -4*w**3 - 5*w**2 - 3*w - 3. Let b be f(-3). List the prime factors of (-1)/(-3) + b/9.
2
Let w be 4 + (-1 + 1 - 2). Let n = w - -4. List the prime factors of n.
2, 3
Let l(u) = 13*u - 16*u - 19*u. List the prime factors